{"version":"1.0","provider_name":"Orchestras Canada\/Orchestres Canada","provider_url":"https:\/\/oc.ca\/fr\/","author_name":"Boran Zaza","author_url":"https:\/\/oc.ca\/fr\/author\/boranzaza\/","title":"Blogue d'invit\u00e9 : La musique pour toutes habilet\u00e9s dans la capitale du Canada - Orchestras Canada\/Orchestres Canada","type":"rich","width":600,"height":338,"html":"<blockquote class=\"wp-embedded-content\" data-secret=\"mLiplGV4Js\"><a href=\"https:\/\/oc.ca\/fr\/musique-pour-toutes-habilites\/\">Blogue d&#8217;invit\u00e9 : La musique pour toutes habilet\u00e9s dans la capitale du Canada<\/a><\/blockquote><iframe sandbox=\"allow-scripts\" security=\"restricted\" src=\"https:\/\/oc.ca\/fr\/musique-pour-toutes-habilites\/embed\/#?secret=mLiplGV4Js\" width=\"600\" height=\"338\" title=\"&#8220;Blogue d&#8217;invit\u00e9 : La musique pour toutes habilet\u00e9s dans la capitale du Canada&#8221; &#8212; Orchestras Canada\/Orchestres Canada\" data-secret=\"mLiplGV4Js\" frameborder=\"0\" marginwidth=\"0\" marginheight=\"0\" scrolling=\"no\" class=\"wp-embedded-content\"><\/iframe><script type=\"text\/javascript\">\n\/* <![CDATA[ *\/\n\/*! This file is auto-generated *\/\n!function(d,l){\"use strict\";l.querySelector&&d.addEventListener&&\"undefined\"!=typeof URL&&(d.wp=d.wp||{},d.wp.receiveEmbedMessage||(d.wp.receiveEmbedMessage=function(e){var t=e.data;if((t||t.secret||t.message||t.value)&&!\/[^a-zA-Z0-9]\/.test(t.secret)){for(var s,r,n,a=l.querySelectorAll('iframe[data-secret=\"'+t.secret+'\"]'),o=l.querySelectorAll('blockquote[data-secret=\"'+t.secret+'\"]'),c=new RegExp(\"^https?:$\",\"i\"),i=0;i<o.length;i++)o[i].style.display=\"none\";for(i=0;i<a.length;i++)s=a[i],e.source===s.contentWindow&&(s.removeAttribute(\"style\"),\"height\"===t.message?(1e3<(r=parseInt(t.value,10))?r=1e3:~~r<200&&(r=200),s.height=r):\"link\"===t.message&&(r=new URL(s.getAttribute(\"src\")),n=new URL(t.value),c.test(n.protocol))&&n.host===r.host&&l.activeElement===s&&(d.top.location.href=t.value))}},d.addEventListener(\"message\",d.wp.receiveEmbedMessage,!1),l.addEventListener(\"DOMContentLoaded\",function(){for(var e,t,s=l.querySelectorAll(\"iframe.wp-embedded-content\"),r=0;r<s.length;r++)(t=(e=s[r]).getAttribute(\"data-secret\"))||(t=Math.random().toString(36).substring(2,12),e.src+=\"#?secret=\"+t,e.setAttribute(\"data-secret\",t)),e.contentWindow.postMessage({message:\"ready\",secret:t},\"*\")},!1)))}(window,document);\n\/\/# sourceURL=https:\/\/oc.ca\/wp-includes\/js\/wp-embed.min.js\n\/* ]]> *\/\n<\/script>\n","description":"On semble de plus en plus conscient, ces derni\u00e8res ann\u00e9es, du besoin de rendre les arts et la musique plus accessibles pour la communaut\u00e9 \u00e0 besoins sp\u00e9ciaux. La musique s\u2019inscrit dans l\u2019exp\u00e9rience humaine, et tous ont le droit d\u2019en profiter. Mais les concerts traditionnels posent des obstacles parfois difficiles \u00e0 surmonter : \u00e9clairage intense, sonorit\u00e9 [&hellip;]","thumbnail_url":"https:\/\/oc.ca\/wp-content\/uploads\/2019\/05\/Music-Circle-child-with-flute-300x225.jpeg"}

Blogue d'invité : La musique pour toutes habiletés dans la capitale du Canada - Orchestras Canada/Orchestres Canada

<blockquote class="wp-embedded-content" data-secret="mLiplGV4Js"><a href="https://oc.ca/fr/musique-pour-toutes-habilites/">Blogue d&#8217;invité : La musique pour toutes habiletés dans la capitale du Canada</a></blockquote><iframe sandbox="allow-scripts" security="restricted" src="https://oc.ca/fr/musique-pour-toutes-habilites/embed/#?secret=mLiplGV4Js" width="600" height="338" title="&#8220;Blogue d&#8217;invité : La musique pour toutes habiletés dans la capitale du Canada&#8221; &#8212; Orchestras Canada/Orchestres Canada" data-secret="mLiplGV4Js" frameborder="0" marginwidth="0" marginheight="0" scrolling="no" class="wp-embedded-content"></iframe><script type="text/javascript">
/* <![CDATA[ */
/*! This file is auto-generated */
!function(d,l){"use strict";l.querySelector&&d.addEventListener&&"undefined"!=typeof URL&&(d.wp=d.wp||{},d.wp.receiveEmbedMessage||(d.wp.receiveEmbedMessage=function(e){var t=e.data;if((t||t.secret||t.message||t.value)&&!/[^a-zA-Z0-9]/.test(t.secret)){for(var s,r,n,a=l.querySelectorAll('iframe[data-secret="'+t.secret+'"]'),o=l.querySelectorAll('blockquote[data-secret="'+t.secret+'"]'),c=new RegExp("^https?:$","i"),i=0;i<o.length;i++)o[i].style.display="none";for(i=0;i<a.length;i++)s=a[i],e.source===s.contentWindow&&(s.removeAttribute("style"),"height"===t.message?(1e3<(r=parseInt(t.value,10))?r=1e3:~~r<200&&(r=200),s.height=r):"link"===t.message&&(r=new URL(s.getAttribute("src")),n=new URL(t.value),c.test(n.protocol))&&n.host===r.host&&l.activeElement===s&&(d.top.location.href=t.value))}},d.addEventListener("message",d.wp.receiveEmbedMessage,!1),l.addEventListener("DOMContentLoaded",function(){for(var e,t,s=l.querySelectorAll("iframe.wp-embedded-content"),r=0;r<s.length;r++)(t=(e=s[r]).getAttribute("data-secret"))||(t=Math.random().toString(36).substring(2,12),e.src+="#?secret="+t,e.setAttribute("data-secret",t)),e.contentWindow.postMessage({message:"ready",secret:t},"*")},!1)))}(window,document);
//# sourceURL=https://oc.ca/wp-includes/js/wp-embed.min.js
/* ]]> */
</script>

On semble de plus en plus conscient, ces dernières années, du besoin de rendre les arts et la musique plus accessibles pour la communauté à besoins spéciaux. La musique s’inscrit dans l’expérience humaine, et tous ont le droit d’en profiter. Mais les concerts traditionnels posent des obstacles parfois difficiles à surmonter : éclairage intense, sonorité [&hellip;]
