{"version":"1.0","provider_name":"Orchestras Canada\/Orchestres Canada","provider_url":"https:\/\/oc.ca\/fr\/","author_name":"Boran Zaza","author_url":"https:\/\/oc.ca\/fr\/author\/boranzaza\/","title":"Le point sur la d\u00e9fense des int\u00e9r\u00eats \u00e0 Orchestres Canada : ao\u00fbt 2018 - Orchestras Canada\/Orchestres Canada","type":"rich","width":600,"height":338,"html":"<blockquote class=\"wp-embedded-content\" data-secret=\"8SxgT9TPG3\"><a href=\"https:\/\/oc.ca\/fr\/le-point-sur-la-defense-des-interets-aout18\/\">Le point sur la d\u00e9fense des int\u00e9r\u00eats \u00e0 Orchestres Canada : ao\u00fbt 2018<\/a><\/blockquote><iframe sandbox=\"allow-scripts\" security=\"restricted\" src=\"https:\/\/oc.ca\/fr\/le-point-sur-la-defense-des-interets-aout18\/embed\/#?secret=8SxgT9TPG3\" width=\"600\" height=\"338\" title=\"&#8220;Le point sur la d\u00e9fense des int\u00e9r\u00eats \u00e0 Orchestres Canada : ao\u00fbt 2018&#8221; &#8212; Orchestras Canada\/Orchestres Canada\" data-secret=\"8SxgT9TPG3\" frameborder=\"0\" marginwidth=\"0\" marginheight=\"0\" scrolling=\"no\" class=\"wp-embedded-content\"><\/iframe><script type=\"text\/javascript\">\n\/* <![CDATA[ *\/\n\/*! This file is auto-generated *\/\n!function(d,l){\"use strict\";l.querySelector&&d.addEventListener&&\"undefined\"!=typeof URL&&(d.wp=d.wp||{},d.wp.receiveEmbedMessage||(d.wp.receiveEmbedMessage=function(e){var t=e.data;if((t||t.secret||t.message||t.value)&&!\/[^a-zA-Z0-9]\/.test(t.secret)){for(var s,r,n,a=l.querySelectorAll('iframe[data-secret=\"'+t.secret+'\"]'),o=l.querySelectorAll('blockquote[data-secret=\"'+t.secret+'\"]'),c=new RegExp(\"^https?:$\",\"i\"),i=0;i<o.length;i++)o[i].style.display=\"none\";for(i=0;i<a.length;i++)s=a[i],e.source===s.contentWindow&&(s.removeAttribute(\"style\"),\"height\"===t.message?(1e3<(r=parseInt(t.value,10))?r=1e3:~~r<200&&(r=200),s.height=r):\"link\"===t.message&&(r=new URL(s.getAttribute(\"src\")),n=new URL(t.value),c.test(n.protocol))&&n.host===r.host&&l.activeElement===s&&(d.top.location.href=t.value))}},d.addEventListener(\"message\",d.wp.receiveEmbedMessage,!1),l.addEventListener(\"DOMContentLoaded\",function(){for(var e,t,s=l.querySelectorAll(\"iframe.wp-embedded-content\"),r=0;r<s.length;r++)(t=(e=s[r]).getAttribute(\"data-secret\"))||(t=Math.random().toString(36).substring(2,12),e.src+=\"#?secret=\"+t,e.setAttribute(\"data-secret\",t)),e.contentWindow.postMessage({message:\"ready\",secret:t},\"*\")},!1)))}(window,document);\n\/\/# sourceURL=https:\/\/oc.ca\/wp-includes\/js\/wp-embed.min.js\n\/* ]]> *\/\n<\/script>\n","description":"Comme l\u2019\u00e9t\u00e9 tire \u00e0 sa fin, nous tenons \u00e0 faire le point sur les activit\u00e9s r\u00e9centes de d\u00e9fense des int\u00e9r\u00eats qu\u2019OC a men\u00e9es aupr\u00e8s du gouvernement f\u00e9d\u00e9ral. En juillet, nous avons effectu\u00e9 un sondage parmi les membres pour d\u00e9terminer les grandes priorit\u00e9s du secteur \u00e0 l\u2019\u00e9gard de la politique d\u2019int\u00e9r\u00eat publique f\u00e9d\u00e9rale. Nous n\u2019avons pas [&hellip;]","thumbnail_url":"https:\/\/oc.ca\/wp-content\/uploads\/2018\/08\/Parliament-Hill-for-website-490x275-300x168.jpg"}

Le point sur la défense des intérêts à Orchestres Canada : août 2018 - Orchestras Canada/Orchestres Canada

<blockquote class="wp-embedded-content" data-secret="8SxgT9TPG3"><a href="https://oc.ca/fr/le-point-sur-la-defense-des-interets-aout18/">Le point sur la défense des intérêts à Orchestres Canada : août 2018</a></blockquote><iframe sandbox="allow-scripts" security="restricted" src="https://oc.ca/fr/le-point-sur-la-defense-des-interets-aout18/embed/#?secret=8SxgT9TPG3" width="600" height="338" title="&#8220;Le point sur la défense des intérêts à Orchestres Canada : août 2018&#8221; &#8212; Orchestras Canada/Orchestres Canada" data-secret="8SxgT9TPG3" frameborder="0" marginwidth="0" marginheight="0" scrolling="no" class="wp-embedded-content"></iframe><script type="text/javascript">
/* <![CDATA[ */
/*! This file is auto-generated */
!function(d,l){"use strict";l.querySelector&&d.addEventListener&&"undefined"!=typeof URL&&(d.wp=d.wp||{},d.wp.receiveEmbedMessage||(d.wp.receiveEmbedMessage=function(e){var t=e.data;if((t||t.secret||t.message||t.value)&&!/[^a-zA-Z0-9]/.test(t.secret)){for(var s,r,n,a=l.querySelectorAll('iframe[data-secret="'+t.secret+'"]'),o=l.querySelectorAll('blockquote[data-secret="'+t.secret+'"]'),c=new RegExp("^https?:$","i"),i=0;i<o.length;i++)o[i].style.display="none";for(i=0;i<a.length;i++)s=a[i],e.source===s.contentWindow&&(s.removeAttribute("style"),"height"===t.message?(1e3<(r=parseInt(t.value,10))?r=1e3:~~r<200&&(r=200),s.height=r):"link"===t.message&&(r=new URL(s.getAttribute("src")),n=new URL(t.value),c.test(n.protocol))&&n.host===r.host&&l.activeElement===s&&(d.top.location.href=t.value))}},d.addEventListener("message",d.wp.receiveEmbedMessage,!1),l.addEventListener("DOMContentLoaded",function(){for(var e,t,s=l.querySelectorAll("iframe.wp-embedded-content"),r=0;r<s.length;r++)(t=(e=s[r]).getAttribute("data-secret"))||(t=Math.random().toString(36).substring(2,12),e.src+="#?secret="+t,e.setAttribute("data-secret",t)),e.contentWindow.postMessage({message:"ready",secret:t},"*")},!1)))}(window,document);
//# sourceURL=https://oc.ca/wp-includes/js/wp-embed.min.js
/* ]]> */
</script>

Comme l’été tire à sa fin, nous tenons à faire le point sur les activités récentes de défense des intérêts qu’OC a menées auprès du gouvernement fédéral. En juillet, nous avons effectué un sondage parmi les membres pour déterminer les grandes priorités du secteur à l’égard de la politique d’intérêt publique fédérale. Nous n’avons pas [&hellip;]
